{"id":959,"date":"2022-11-03T19:43:04","date_gmt":"2022-11-03T18:43:04","guid":{"rendered":"https:\/\/www.apadahcas.org\/?page_id=959"},"modified":"2022-11-03T19:52:31","modified_gmt":"2022-11-03T18:52:31","slug":"servicios-sociales","status":"publish","type":"page","link":"https:\/\/www.apadahcas.org\/index.php\/servicios-sociales\/","title":{"rendered":"Servicios sociales"},"content":{"rendered":"<style>.wp-show-posts-columns#wpsp-962 {margin-left: -2em; }.wp-show-posts-columns#wpsp-962 .wp-show-posts-inner {margin: 0 0 2em 2em; }<\/style><section id=\"wpsp-962\" class=\" wp-show-posts-columns wp-show-posts\" style=\"\"><article class=\" wp-show-posts-single post-1616 post type-post status-publish format-standard hentry category-apadahcas category-asociacion category-educacion category-noticias category-servicios-sociales wpsp-col-6\" itemtype=\"http:\/\/schema.org\/CreativeWork\" itemscope><div class=\"wp-show-posts-inner\" style=\"\">\t\t\t\t\t\t<header class=\"wp-show-posts-entry-header\">\n\t\t\t\t\t\t\t<h2 class=\"wp-show-posts-entry-title\" itemprop=\"headline\"><a href=\"https:\/\/www.apadahcas.org\/index.php\/2025\/05\/13\/abierta-la-convocatoria-de-las-becas-neae-2025-2026\/\" rel=\"bookmark\">Abierta la convocatoria de las Becas NEAE 2025-2026<\/a><\/h2><div class=\"wp-show-posts-entry-meta wp-show-posts-entry-meta-below-title post-meta-inline\"><span class=\"wp-show-posts-posted-on wp-show-posts-meta\">\n\t\t\t\t\t<a href=\"https:\/\/www.apadahcas.org\/index.php\/2025\/05\/13\/abierta-la-convocatoria-de-las-becas-neae-2025-2026\/\" title=\"11:24 pm\" rel=\"bookmark\"><time class=\"wp-show-posts-entry-date published\" datetime=\"2025-05-13T23:24:28+02:00\" itemprop=\"datePublished\">13\/05\/2025<\/time><\/a>\n\t\t\t\t<\/span><\/div>\t\t\t\t\t\t<\/header><!-- .entry-header -->\n\t\t\t\t\t\t\t\t\t\t\t<div class=\"wp-show-posts-entry-summary\" itemprop=\"text\">\n\t\t\t\t\t\t\t<p>Desde APADAHCAS os informamos de que ya est\u00e1 disponible la nueva convocatoria de las Becas para alumnado con necesidad espec\u00edfica de apoyo educativo (NEAE) para el curso 2025-2026. Estas ayudas&#8230;<\/p>\n\t\t\t\t\t\t<\/div><!-- .entry-summary -->\n\t\t\t\t\t<\/div><!-- wp-show-posts-inner --><\/article><article class=\" wp-show-posts-single post-1598 post type-post status-publish format-standard hentry category-noticias category-servicios-sociales wpsp-col-6\" itemtype=\"http:\/\/schema.org\/CreativeWork\" itemscope><div class=\"wp-show-posts-inner\" style=\"\">\t\t\t\t\t\t<header class=\"wp-show-posts-entry-header\">\n\t\t\t\t\t\t\t<h2 class=\"wp-show-posts-entry-title\" itemprop=\"headline\"><a href=\"https:\/\/www.apadahcas.org\/index.php\/2025\/04\/22\/nueva-ley-de-dependencia-2025\/\" rel=\"bookmark\">Nueva Ley de Dependencia 2025<\/a><\/h2><div class=\"wp-show-posts-entry-meta wp-show-posts-entry-meta-below-title post-meta-inline\"><span class=\"wp-show-posts-posted-on wp-show-posts-meta\">\n\t\t\t\t\t<a href=\"https:\/\/www.apadahcas.org\/index.php\/2025\/04\/22\/nueva-ley-de-dependencia-2025\/\" title=\"10:36 am\" rel=\"bookmark\"><time class=\"wp-show-posts-entry-date published\" datetime=\"2025-04-22T10:36:16+02:00\" itemprop=\"datePublished\">22\/04\/2025<\/time><\/a>\n\t\t\t\t<\/span><\/div>\t\t\t\t\t\t<\/header><!-- .entry-header -->\n\t\t\t\t\t\t\t\t\t\t\t<div class=\"wp-show-posts-entry-summary\" itemprop=\"text\">\n\t\t\t\t\t\t\t<p>https:\/\/www.innovaasistencial.com\/blog\/nueva-ley-dependencia\/<\/p>\n\t\t\t\t\t\t<\/div><!-- .entry-summary -->\n\t\t\t\t\t<\/div><!-- wp-show-posts-inner --><\/article><article class=\" wp-show-posts-single post-1511 post type-post status-publish format-standard has-post-thumbnail hentry category-apadahcas category-noticias category-otras-actividades category-servicios-sociales wpsp-col-6\" itemtype=\"http:\/\/schema.org\/CreativeWork\" itemscope><div class=\"wp-show-posts-inner\" style=\"\">\t\t\t\t\t\t<header class=\"wp-show-posts-entry-header\">\n\t\t\t\t\t\t\t<h2 class=\"wp-show-posts-entry-title\" itemprop=\"headline\"><a href=\"https:\/\/www.apadahcas.org\/index.php\/2024\/11\/18\/apadahcas-con-diputacion-castellon\/\" rel=\"bookmark\">APADAHCAS con DIPUTACI\u00d3N CASTELL\u00d3N<\/a><\/h2><div class=\"wp-show-posts-entry-meta wp-show-posts-entry-meta-below-title post-meta-inline\"><span class=\"wp-show-posts-posted-on wp-show-posts-meta\">\n\t\t\t\t\t<a href=\"https:\/\/www.apadahcas.org\/index.php\/2024\/11\/18\/apadahcas-con-diputacion-castellon\/\" title=\"7:33 pm\" rel=\"bookmark\"><time class=\"wp-show-posts-entry-date published\" datetime=\"2024-11-18T19:33:50+01:00\" itemprop=\"datePublished\">18\/11\/2024<\/time><time class=\"wp-show-posts-updated\" datetime=\"2024-11-18T19:34:15+01:00\" itemprop=\"dateModified\">18\/11\/2024<\/time><\/a>\n\t\t\t\t<\/span><\/div>\t\t\t\t\t\t<\/header><!-- .entry-header -->\n\t\t\t\t\t\t\t<div class=\"wp-show-posts-image  wpsp-image-center \">\n\t\t\t<a href=\"https:\/\/www.apadahcas.org\/index.php\/2024\/11\/18\/apadahcas-con-diputacion-castellon\/\"  title=\"APADAHCAS con DIPUTACI\u00d3N CASTELL\u00d3N\"><img loading=\"lazy\" decoding=\"async\" width=\"2040\" height=\"1536\" src=\"https:\/\/www.apadahcas.org\/wp-content\/uploads\/2024\/11\/IMG-20241116-WA0009.jpg\" class=\"attachment-full size-full wp-post-image\" alt=\"\" itemprop=\"image\" srcset=\"https:\/\/www.apadahcas.org\/wp-content\/uploads\/2024\/11\/IMG-20241116-WA0009.jpg 2040w, https:\/\/www.apadahcas.org\/wp-content\/uploads\/2024\/11\/IMG-20241116-WA0009-300x226.jpg 300w, https:\/\/www.apadahcas.org\/wp-content\/uploads\/2024\/11\/IMG-20241116-WA0009-1024x771.jpg 1024w, https:\/\/www.apadahcas.org\/wp-content\/uploads\/2024\/11\/IMG-20241116-WA0009-768x578.jpg 768w, https:\/\/www.apadahcas.org\/wp-content\/uploads\/2024\/11\/IMG-20241116-WA0009-1536x1157.jpg 1536w, https:\/\/www.apadahcas.org\/wp-content\/uploads\/2024\/11\/IMG-20241116-WA0009-398x300.jpg 398w\" sizes=\"auto, (max-width: 2040px) 100vw, 2040px\" \/><\/a>\t\t<\/div>\n\t\t\t\t\t\t\t\t<div class=\"wp-show-posts-entry-summary\" itemprop=\"text\">\n\t\t\t\t\t\t\t<p>APADAHCAS recibe el apoyo de la Diputaci\u00f3n de Castell\u00f3n para sus proyectos de Bienestar Social En APADAHCAS, estamos emocionados de anunciar que la Diputaci\u00f3n de Castell\u00f3n nos ha otorgado una&#8230;<\/p>\n\t\t\t\t\t\t<\/div><!-- .entry-summary -->\n\t\t\t\t\t<\/div><!-- wp-show-posts-inner --><\/article><article class=\" wp-show-posts-single post-1490 post type-post status-publish format-standard has-post-thumbnail hentry category-actividades category-formacion category-noticias category-sanidad category-servicios-sociales category-talleres wpsp-col-6\" itemtype=\"http:\/\/schema.org\/CreativeWork\" itemscope><div class=\"wp-show-posts-inner\" style=\"\">\t\t\t\t\t\t<header class=\"wp-show-posts-entry-header\">\n\t\t\t\t\t\t\t<h2 class=\"wp-show-posts-entry-title\" itemprop=\"headline\"><a href=\"https:\/\/www.apadahcas.org\/index.php\/2024\/11\/12\/riesgo-del-consumo-de-sustancias-en-adolescentes-con-tdah\/\" rel=\"bookmark\">Riesgo del consumo de sustancias en adolescentes con TDAH<\/a><\/h2><div class=\"wp-show-posts-entry-meta wp-show-posts-entry-meta-below-title post-meta-inline\"><span class=\"wp-show-posts-posted-on wp-show-posts-meta\">\n\t\t\t\t\t<a href=\"https:\/\/www.apadahcas.org\/index.php\/2024\/11\/12\/riesgo-del-consumo-de-sustancias-en-adolescentes-con-tdah\/\" title=\"7:36 pm\" rel=\"bookmark\"><time class=\"wp-show-posts-entry-date published\" datetime=\"2024-11-12T19:36:11+01:00\" itemprop=\"datePublished\">12\/11\/2024<\/time><time class=\"wp-show-posts-updated\" datetime=\"2025-02-27T12:50:04+01:00\" itemprop=\"dateModified\">27\/02\/2025<\/time><\/a>\n\t\t\t\t<\/span><\/div>\t\t\t\t\t\t<\/header><!-- .entry-header -->\n\t\t\t\t\t\t\t<div class=\"wp-show-posts-image  wpsp-image-center \">\n\t\t\t<a href=\"https:\/\/www.apadahcas.org\/index.php\/2024\/11\/12\/riesgo-del-consumo-de-sustancias-en-adolescentes-con-tdah\/\"  title=\"Riesgo del consumo de sustancias en adolescentes con TDAH\"><img loading=\"lazy\" decoding=\"async\" width=\"1087\" height=\"481\" src=\"https:\/\/www.apadahcas.org\/wp-content\/uploads\/2024\/03\/Captura-de-pantalla-2024-03-12-213932.png\" class=\"attachment-full size-full wp-post-image\" alt=\"\" itemprop=\"image\" srcset=\"https:\/\/www.apadahcas.org\/wp-content\/uploads\/2024\/03\/Captura-de-pantalla-2024-03-12-213932.png 1087w, https:\/\/www.apadahcas.org\/wp-content\/uploads\/2024\/03\/Captura-de-pantalla-2024-03-12-213932-300x133.png 300w, https:\/\/www.apadahcas.org\/wp-content\/uploads\/2024\/03\/Captura-de-pantalla-2024-03-12-213932-1024x453.png 1024w, https:\/\/www.apadahcas.org\/wp-content\/uploads\/2024\/03\/Captura-de-pantalla-2024-03-12-213932-768x340.png 768w, https:\/\/www.apadahcas.org\/wp-content\/uploads\/2024\/03\/Captura-de-pantalla-2024-03-12-213932-500x221.png 500w\" sizes=\"auto, (max-width: 1087px) 100vw, 1087px\" \/><\/a>\t\t<\/div>\n\t\t\t\t\t\t\t\t<div class=\"wp-show-posts-entry-summary\" itemprop=\"text\">\n\t\t\t\t\t\t\t<p>Nos complace anunciar un nuevo taller gratuito organizado por la asociaci\u00f3n que puede ser de gran inter\u00e9s para nuestras familias y j\u00f3venes: Taller: Riesgo del consumo de sustancias en adolescentes&#8230;<\/p>\n\t\t\t\t\t\t<\/div><!-- .entry-summary -->\n\t\t\t\t\t<\/div><!-- wp-show-posts-inner --><\/article><article class=\" wp-show-posts-single post-955 post type-post status-publish format-standard has-post-thumbnail hentry category-servicios-sociales wpsp-col-6\" itemtype=\"http:\/\/schema.org\/CreativeWork\" itemscope><div class=\"wp-show-posts-inner\" style=\"\">\t\t\t\t\t\t<header class=\"wp-show-posts-entry-header\">\n\t\t\t\t\t\t\t<h2 class=\"wp-show-posts-entry-title\" itemprop=\"headline\"><a href=\"https:\/\/www.apadahcas.org\/index.php\/2022\/11\/03\/solicitud-de-reconocimiento-declaracion-y-calificacion-del-grado-de-discapacidad\/\" rel=\"bookmark\">Solicitud de reconocimiento, declaraci\u00f3n y calificaci\u00f3n del grado de discapacidad.<\/a><\/h2><div class=\"wp-show-posts-entry-meta wp-show-posts-entry-meta-below-title post-meta-inline\"><span class=\"wp-show-posts-posted-on wp-show-posts-meta\">\n\t\t\t\t\t<a href=\"https:\/\/www.apadahcas.org\/index.php\/2022\/11\/03\/solicitud-de-reconocimiento-declaracion-y-calificacion-del-grado-de-discapacidad\/\" title=\"7:41 pm\" rel=\"bookmark\"><time class=\"wp-show-posts-entry-date published\" datetime=\"2022-11-03T19:41:04+01:00\" itemprop=\"datePublished\">03\/11\/2022<\/time><time class=\"wp-show-posts-updated\" datetime=\"2022-11-03T19:55:13+01:00\" itemprop=\"dateModified\">03\/11\/2022<\/time><\/a>\n\t\t\t\t<\/span><\/div>\t\t\t\t\t\t<\/header><!-- .entry-header -->\n\t\t\t\t\t\t\t<div class=\"wp-show-posts-image  wpsp-image-center \">\n\t\t\t<a href=\"https:\/\/www.apadahcas.org\/index.php\/2022\/11\/03\/solicitud-de-reconocimiento-declaracion-y-calificacion-del-grado-de-discapacidad\/\"  title=\"Solicitud de reconocimiento, declaraci\u00f3n y calificaci\u00f3n del grado de discapacidad.\"><img loading=\"lazy\" decoding=\"async\" width=\"680\" height=\"340\" src=\"https:\/\/www.apadahcas.org\/wp-content\/uploads\/2022\/11\/discapacitat_.jpeg\" class=\"attachment-full size-full wp-post-image\" alt=\"\" itemprop=\"image\" srcset=\"https:\/\/www.apadahcas.org\/wp-content\/uploads\/2022\/11\/discapacitat_.jpeg 680w, https:\/\/www.apadahcas.org\/wp-content\/uploads\/2022\/11\/discapacitat_-300x150.jpeg 300w, https:\/\/www.apadahcas.org\/wp-content\/uploads\/2022\/11\/discapacitat_-500x250.jpeg 500w\" sizes=\"auto, (max-width: 680px) 100vw, 680px\" \/><\/a>\t\t<\/div>\n\t\t\t\t\t\t\t\t<div class=\"wp-show-posts-entry-summary\" itemprop=\"text\">\n\t\t\t\t\t\t\t<p>Aqu\u00ed os dejamos el siguiente enlace donde se os redirigir\u00e1 a la p\u00e1gina web de la Generalitat Valenciana donde podr\u00e9is tramitar el grado de discapacidad. Solicitud Grado DISCAPACIDAD<\/p>\n\t\t\t\t\t\t<\/div><!-- .entry-summary -->\n\t\t\t\t\t<\/div><!-- wp-show-posts-inner --><\/article><div class=\"wpsp-clear\"><\/div><\/section><!-- .wp-show-posts -->\n","protected":false},"excerpt":{"rendered":"","protected":false},"author":4,"featured_media":956,"parent":0,"menu_order":0,"comment_status":"closed","ping_status":"closed","template":"sidebar-page.php","meta":{"footnotes":""},"class_list":["post-959","page","type-page","status-publish","has-post-thumbnail","hentry"],"jetpack_sharing_enabled":true,"_links":{"self":[{"href":"https:\/\/www.apadahcas.org\/index.php\/wp-json\/wp\/v2\/pages\/959","targetHints":{"allow":["GET"]}}],"collection":[{"href":"https:\/\/www.apadahcas.org\/index.php\/wp-json\/wp\/v2\/pages"}],"about":[{"href":"https:\/\/www.apadahcas.org\/index.php\/wp-json\/wp\/v2\/types\/page"}],"author":[{"embeddable":true,"href":"https:\/\/www.apadahcas.org\/index.php\/wp-json\/wp\/v2\/users\/4"}],"replies":[{"embeddable":true,"href":"https:\/\/www.apadahcas.org\/index.php\/wp-json\/wp\/v2\/comments?post=959"}],"version-history":[{"count":3,"href":"https:\/\/www.apadahcas.org\/index.php\/wp-json\/wp\/v2\/pages\/959\/revisions"}],"predecessor-version":[{"id":967,"href":"https:\/\/www.apadahcas.org\/index.php\/wp-json\/wp\/v2\/pages\/959\/revisions\/967"}],"wp:featuredmedia":[{"embeddable":true,"href":"https:\/\/www.apadahcas.org\/index.php\/wp-json\/wp\/v2\/media\/956"}],"wp:attachment":[{"href":"https:\/\/www.apadahcas.org\/index.php\/wp-json\/wp\/v2\/media?parent=959"}],"curies":[{"name":"wp","href":"https:\/\/api.w.org\/{rel}","templated":true}]}}