{"id":20,"date":"2022-02-03T11:33:54","date_gmt":"2022-02-03T11:33:54","guid":{"rendered":"https:\/\/new.apadahcas.org\/?page_id=20"},"modified":"2025-11-26T13:46:32","modified_gmt":"2025-11-26T12:46:32","slug":"la-asociacion-2","status":"publish","type":"page","link":"https:\/\/www.apadahcas.org\/index.php\/la-asociacion-2\/","title":{"rendered":"La Asociaci\u00f3n"},"content":{"rendered":"\r\n<p><a href=\"#1\">1. Informaci\u00f3n General<\/a><br \/><a href=\"#2\">2. Colaboradores<\/a><\/p>\r\n<p>&nbsp;<\/p>\r\n<p><a id=\"1\" name=\"1\"><\/a>1. Informaci\u00f3n General<br \/><br \/>Asociaci\u00f3n APADAHCAS, Asociaci\u00f3n de Padres y Madres de Afectados por D\u00e9ficit de Atenci\u00f3n e Hiperactividad de la provincia de Castell\u00f3n.<br \/><br \/>La asociaci\u00f3n surge ante la inquietud de algunos padres y profesionales, que ven la necesidad de unir y concienciar a las familias de ni\u00f1os y ni\u00f1as con este trastorno, para buscar mecanismos de intervenci\u00f3n que ayuden a mejorar sus dificultades de adaptaci\u00f3n.<\/p>\r\n<p><br \/>Los fines de la Asociaci\u00f3n son: Orientar, asesorar, investigar, colaborar en \u00e1reas educativas y cient\u00edficas de personas, centros o profesionales, dedicados al estudio del d\u00e9ficit de atenci\u00f3n e hiperactividad.<\/p>\r\n<p>La Junta Directiva de APADAHCAS est\u00e1 formada por:<\/p>\r\n<p><strong>Presidenta<\/strong>: D\u00aa. M\u00f3nica Mingarro Mart\u00ed<\/p>\r\n<p><strong>Vicepresidenta<\/strong>: D\u00aa. Alicia Mateu Moll\u00e1<\/p>\r\n<p><strong>Secretaria<\/strong>: D\u00aa. Sheila Renau Andreu<\/p>\r\n<p><strong>Tesorera<\/strong>: D\u00aa Bego\u00f1a Calduch Beltr\u00e1n<\/p>\r\n<p><strong>Vocal<\/strong>: D\u00aa. Mar\u00eda Teresa Vernia Badenes<\/p>\r\n<p><strong>Vocal<\/strong>: D. Joaqu\u00edn Mart\u00ednez Plaza<\/p>\r\n<p><strong>Vocal<\/strong>: D\u00aa. Susana Fas G\u00f3mez<\/p>\r\n<p><strong>Vocal:<\/strong>\u00a0D\u00aa. Laia Carda Salvador<\/p>\r\n<p><strong>Vocal:<\/strong> D\u00aa. Mar\u00eda Ferr\u00e1ndez Bacas<\/p>\r\n<p>&nbsp;<\/p>\r\n<p>\r\n\r\n<\/p>\r\n<p><strong>Actividades y servicios que ofrecemos<\/strong><br \/>&#8211; Escuela de Padres<br \/>&#8211; Taller de Habilidades Socioemocionales<br \/>&#8211; Taller de Lectoescritura<br \/>&#8211; Taller de Matem\u00e1ticas<br \/>&#8211; T\u00e9cnicas de Estudio<br \/>&#8211; Evaluaciones y diagn\u00f3sticos<br \/>&#8211; Estudios neuropsicol\u00f3gicos<br \/>&#8211; Neur\u00f3logo\/Neuropediatra<br \/>&#8211; Charlas informativas a centros escolares<br \/>&#8211; Intervenci\u00f3n escolar individualizada<br \/>&#8211; Charlas informativas y de formaci\u00f3n para profesionales en contacto con el TDA-H<br \/><br \/>Para que seamos m\u00e1s fuertes\u00a0<a href=\"https:\/\/new.apadahcas.org\/index.php\/asociate\/\">\u00a1<\/a><a href=\"https:\/\/apadahcas.org\/index.php\/asociate\/\">As\u00f3ciate!<\/a><br \/><br \/>Las ventajas que se obtienen por ser socio son:<br \/>&#8211; Asistencia gratuita a las escuelas de familias.<br \/>&#8211; Atenci\u00f3n gratuita a los ni\u00f1os que est\u00e9n cursando infantil o primaria mientras se desarrollan las escuelas de padres.<br \/>&#8211; Tener el carnet de socio y el listado de comercios y empresas colaboradoras en la que se les aplican descuentos al realizar una compra o contratar servicios.<br \/>&#8211; Descuento de 10 \u20ac por cada visita a nuestro neuropediatra Dr. Garc\u00eda Tena.<br \/>&#8211; Posibilidad de utilizar la biblioteca de APADAHCAS en la que se pueden coger libros sobre TDAH.<br \/>&#8211; Asistencia a talleres organizados por la asociaci\u00f3n.<br \/>&#8211; Tener informaci\u00f3n de primera mano y fiable sobre las \u00faltimas noticias relacionadas con el TDAH.<\/p>\r\n<p>&#8211; Tener acceso al Rinc\u00f3n del Socio donde podr\u00e1s encontrar nuestras Escuelas de Padres, Gu\u00edas&#8230; Y mucha m\u00e1s informaci\u00f3n.<br \/>&#8211; Poder asistir a los congresos nacionales sobre TDAH a precios inferiores por ser socios de APADAHCAS.<br \/>&#8211; Disponer de informaci\u00f3n e impresos sobre temas educativos y de discapacidad \u2013 Informaci\u00f3n sobre becas MEC.<br \/>&#8211; Posibilidad de que vuestros hijos participen en estudios relacionados con el TDAH.<br \/>&#8211; Posibilidad de que vuestros hijos puedan estar en campamentos de verano de la UJI gratuitamente, si se cumplen las bases y se realiza la convocatoria.<br \/>&#8211; Y por \u00faltimo, y no menos importante, pertenecer a una asociaci\u00f3n que tan solo pretende: aunar esfuerzos para que se conozca el trastorno, se sensibilice a la sociedad y se tenga cabida en un colectivo donde sentirse comprendido.<\/p>\r\n<p>\r\n\r\n<\/p>\r\n<p><a id=\"2\" name=\"2\"><\/a>2. Colaboradores<br \/><strong>Colabora con nosotros, no te quedes quieto.<\/strong><\/p>\r\n<p>\r\n\r\n<\/p>\r\n<figure class=\"wp-block-image size-large\"><img loading=\"lazy\" decoding=\"async\" class=\"size-medium wp-image-1322 aligncenter\" src=\"https:\/\/www.apadahcas.org\/wp-content\/uploads\/2023\/12\/Diseno-sin-titulo-300x300.jpg\" alt=\"\" width=\"300\" height=\"300\" srcset=\"https:\/\/www.apadahcas.org\/wp-content\/uploads\/2023\/12\/Diseno-sin-titulo-300x300.jpg 300w, https:\/\/www.apadahcas.org\/wp-content\/uploads\/2023\/12\/Diseno-sin-titulo-1024x1024.jpg 1024w, https:\/\/www.apadahcas.org\/wp-content\/uploads\/2023\/12\/Diseno-sin-titulo-150x150.jpg 150w, https:\/\/www.apadahcas.org\/wp-content\/uploads\/2023\/12\/Diseno-sin-titulo-768x768.jpg 768w, https:\/\/www.apadahcas.org\/wp-content\/uploads\/2023\/12\/Diseno-sin-titulo.jpg 1080w\" sizes=\"auto, (max-width: 300px) 100vw, 300px\" \/><\/figure>\r\n<p>\r\n\r\n<\/p>\r\n<p style=\"text-align: right;\"><br \/>Otros colaboradores:<br \/>&#8211; SILVIA VICENTE RODR\u00cdGUEZ: Abogada especialista en FAMILIA y MENORES. Divorcios y custodias hijos.<br \/>&#8211; ROSA EDO SANZ: Abogada de familia. Especialista en divorcios y separaciones.<br \/>&#8211; GARC\u00cdA: Ferreter\u00eda y Suministros Menaje de cocina.<br \/>&#8211; PELUQUERIA JACARANDA<br \/>&#8211; RELOJES CASTELL\u00d3N: Plata, Acero y Electr\u00f3nica.<br \/>&#8211; DON JULI\u00c1N: Reparaci\u00f3n de calzado y duplicado de llaves.<br \/>&#8211; GESIS DIGITAL S.L.: Venta y reparaci\u00f3n de inform\u00e1tica.<br \/>&#8211; ROBOTIX CASTELL\u00d3N: Centro educativo<br \/>&#8211; JESUS GARC\u00cdA TENA: Neuropediatra.<br \/>&#8211; DANI PELUQUEROS: Peluquer\u00eda de caballeros.<br \/>&#8211; CL\u00cdNICA DENTAL INFANTIL ARNAU S.L.P.<br \/>&#8211; PL\u00c1CIDO G\u00d3MEZ: Librer\u00eda papeler\u00eda.<br \/>&#8211; LA BARBER\u00cdA DE SA\u00daL.<br \/>&#8211; FARMACIA MARIA DOLORES MONZONIS<br \/>&#8211; IMPALA SPORT CLUB &amp; SPA: Club deportivo\u00a0<br \/>&#8211; CENTRO DE ESTUDIOS AZAHAR<\/p>\r\n<p style=\"text-align: right;\">-ALBA MAGALL\u00d3N: Psic\u00f3loga<\/p>\r\n<p style=\"text-align: right;\">&#8211; ATENCI\u00d3N PSICOL\u00d3GICA: M\u00e1s info en asociacion@apadahcas.org<br \/><br \/><img loading=\"lazy\" decoding=\"async\" class=\"wp-image-1645 size-medium alignleft\" src=\"https:\/\/www.apadahcas.org\/wp-content\/uploads\/2025\/07\/COLABORDORES-APADAHCAS-2025-212x300.png\" alt=\"\" width=\"212\" height=\"300\" srcset=\"https:\/\/www.apadahcas.org\/wp-content\/uploads\/2025\/07\/COLABORDORES-APADAHCAS-2025-212x300.png 212w, https:\/\/www.apadahcas.org\/wp-content\/uploads\/2025\/07\/COLABORDORES-APADAHCAS-2025-724x1024.png 724w, https:\/\/www.apadahcas.org\/wp-content\/uploads\/2025\/07\/COLABORDORES-APADAHCAS-2025-768x1086.png 768w, https:\/\/www.apadahcas.org\/wp-content\/uploads\/2025\/07\/COLABORDORES-APADAHCAS-2025-1086x1536.png 1086w, https:\/\/www.apadahcas.org\/wp-content\/uploads\/2025\/07\/COLABORDORES-APADAHCAS-2025-1448x2048.png 1448w, https:\/\/www.apadahcas.org\/wp-content\/uploads\/2025\/07\/COLABORDORES-APADAHCAS-2025.png 1587w\" sizes=\"auto, (max-width: 212px) 100vw, 212px\" \/><\/p>\r\n<p>&nbsp;<\/p>\r\n<p>&nbsp;<\/p>\r\n<p>&nbsp;<\/p>\r\n<p>&nbsp;<\/p>\r\n<p>&nbsp;<\/p>\r\n<p>&nbsp;<\/p>\r\n<p>&nbsp;<\/p>\r\n<p><a href=\"https:\/\/www.apadahcas.org\/wp-content\/uploads\/2025\/07\/CARNET-DE-SOCIOS-APADAHCAS-COLABORADORES-2025.pdf\">DESCUENTOS DE LOS COLABORADORES<\/a><\/p>\r\n<p>\u00a0<img loading=\"lazy\" decoding=\"async\" class=\"alignnone size-medium wp-image-1379\" src=\"https:\/\/www.apadahcas.org\/wp-content\/uploads\/2024\/04\/a-ctualizacion-300x300.png\" alt=\"\" width=\"300\" height=\"300\" srcset=\"https:\/\/www.apadahcas.org\/wp-content\/uploads\/2024\/04\/a-ctualizacion-300x300.png 300w, https:\/\/www.apadahcas.org\/wp-content\/uploads\/2024\/04\/a-ctualizacion-1024x1024.png 1024w, https:\/\/www.apadahcas.org\/wp-content\/uploads\/2024\/04\/a-ctualizacion-150x150.png 150w, https:\/\/www.apadahcas.org\/wp-content\/uploads\/2024\/04\/a-ctualizacion-768x768.png 768w, https:\/\/www.apadahcas.org\/wp-content\/uploads\/2024\/04\/a-ctualizacion.png 1080w\" sizes=\"auto, (max-width: 300px) 100vw, 300px\" \/><\/p>\r\n<p><\/p>","protected":false},"excerpt":{"rendered":"<p>1. Informaci\u00f3n General2. Colaboradores &nbsp; 1. Informaci\u00f3n General Asociaci\u00f3n APADAHCAS, Asociaci\u00f3n de Padres y Madres de Afectados por D\u00e9ficit de Atenci\u00f3n e Hiperactividad de la provincia de Castell\u00f3n. La asociaci\u00f3n surge ante la inquietud de algunos padres y profesionales, que &hellip; <a href=\"https:\/\/www.apadahcas.org\/index.php\/la-asociacion-2\/\">Sigue leyendo <span class=\"meta-nav\">&rarr;<\/span><\/a><\/p>\n","protected":false},"author":2,"featured_media":0,"parent":0,"menu_order":1,"comment_status":"closed","ping_status":"closed","template":"sidebar-page.php","meta":{"footnotes":""},"class_list":["post-20","page","type-page","status-publish","hentry"],"jetpack_sharing_enabled":true,"_links":{"self":[{"href":"https:\/\/www.apadahcas.org\/index.php\/wp-json\/wp\/v2\/pages\/20","targetHints":{"allow":["GET"]}}],"collection":[{"href":"https:\/\/www.apadahcas.org\/index.php\/wp-json\/wp\/v2\/pages"}],"about":[{"href":"https:\/\/www.apadahcas.org\/index.php\/wp-json\/wp\/v2\/types\/page"}],"author":[{"embeddable":true,"href":"https:\/\/www.apadahcas.org\/index.php\/wp-json\/wp\/v2\/users\/2"}],"replies":[{"embeddable":true,"href":"https:\/\/www.apadahcas.org\/index.php\/wp-json\/wp\/v2\/comments?post=20"}],"version-history":[{"count":56,"href":"https:\/\/www.apadahcas.org\/index.php\/wp-json\/wp\/v2\/pages\/20\/revisions"}],"predecessor-version":[{"id":1745,"href":"https:\/\/www.apadahcas.org\/index.php\/wp-json\/wp\/v2\/pages\/20\/revisions\/1745"}],"wp:attachment":[{"href":"https:\/\/www.apadahcas.org\/index.php\/wp-json\/wp\/v2\/media?parent=20"}],"curies":[{"name":"wp","href":"https:\/\/api.w.org\/{rel}","templated":true}]}}

La Asociación

<p><a href="#1">1. Información General</a><br /><a href="#2">2. Colaboradores</a></p>
<p>&nbsp;</p>
<p><a id="1" name="1"></a>1. Información General<br /><br />Asociación APADAHCAS, Asociación de Padres y Madres de Afectados por Déficit de Atención e Hiperactividad de la provincia de Castellón.<br /><br />La asociación surge ante la inquietud de algunos padres y profesionales, que ven la necesidad de unir y concienciar a las familias de niños y niñas con este trastorno, para buscar mecanismos de intervención que ayuden a mejorar sus dificultades de adaptación.</p>
<p><br />Los fines de la Asociación son: Orientar, asesorar, investigar, colaborar en áreas educativas y científicas de personas, centros o profesionales, dedicados al estudio del déficit de atención e hiperactividad.</p>
<p>La Junta Directiva de APADAHCAS está formada por:</p>
<p><strong>Presidenta</strong>: Dª. Mónica Mingarro Martí</p>
<p><strong>Vicepresidenta</strong>: Dª. Alicia Mateu Mollá</p>
<p><strong>Secretaria</strong>: Dª. Sheila Renau Andreu</p>
<p><strong>Tesorera</strong>: Dª Begoña Calduch Beltrán</p>
<p><strong>Vocal</strong>: Dª. María Teresa Vernia Badenes</p>
<p><strong>Vocal</strong>: D. Joaquín Martínez Plaza</p>
<p><strong>Vocal</strong>: Dª. Susana Fas Gómez</p>
<p><strong>Vocal:</strong> Dª. Laia Carda Salvador</p>
<p><strong>Vocal:</strong> Dª. María Ferrández Bacas</p>
<p>&nbsp;</p>
<p>

</p>
<p><strong>Actividades y servicios que ofrecemos</strong><br />&#8211; Escuela de Padres<br />&#8211; Taller de Habilidades Socioemocionales<br />&#8211; Taller de Lectoescritura<br />&#8211; Taller de Matemáticas<br />&#8211; Técnicas de Estudio<br />&#8211; Evaluaciones y diagnósticos<br />&#8211; Estudios neuropsicológicos<br />&#8211; Neurólogo/Neuropediatra<br />&#8211; Charlas informativas a centros escolares<br />&#8211; Intervención escolar individualizada<br />&#8211; Charlas informativas y de formación para profesionales en contacto con el TDA-H<br /><br />Para que seamos más fuertes <a href="https://new.apadahcas.org/index.php/asociate/">¡</a><a href="https://apadahcas.org/index.php/asociate/">Asóciate!</a><br /><br />Las ventajas que se obtienen por ser socio son:<br />&#8211; Asistencia gratuita a las escuelas de familias.<br />&#8211; Atención gratuita a los niños que estén cursando infantil o primaria mientras se desarrollan las escuelas de padres.<br />&#8211; Tener el carnet de socio y el listado de comercios y empresas colaboradoras en la que se les aplican descuentos al realizar una compra o contratar servicios.<br />&#8211; Descuento de 10 € por cada visita a nuestro neuropediatra Dr. García Tena.<br />&#8211; Posibilidad de utilizar la biblioteca de APADAHCAS en la que se pueden coger libros sobre TDAH.<br />&#8211; Asistencia a talleres organizados por la asociación.<br />&#8211; Tener información de primera mano y fiable sobre las últimas noticias relacionadas con el TDAH.</p>
<p>&#8211; Tener acceso al Rincón del Socio donde podrás encontrar nuestras Escuelas de Padres, Guías&#8230; Y mucha más información.<br />&#8211; Poder asistir a los congresos nacionales sobre TDAH a precios inferiores por ser socios de APADAHCAS.<br />&#8211; Disponer de información e impresos sobre temas educativos y de discapacidad – Información sobre becas MEC.<br />&#8211; Posibilidad de que vuestros hijos participen en estudios relacionados con el TDAH.<br />&#8211; Posibilidad de que vuestros hijos puedan estar en campamentos de verano de la UJI gratuitamente, si se cumplen las bases y se realiza la convocatoria.<br />&#8211; Y por último, y no menos importante, pertenecer a una asociación que tan solo pretende: aunar esfuerzos para que se conozca el trastorno, se sensibilice a la sociedad y se tenga cabida en un colectivo donde sentirse comprendido.</p>
<p>

</p>
<p><a id="2" name="2"></a>2. Colaboradores<br /><strong>Colabora con nosotros, no te quedes quieto.</strong></p>
<p>

</p>
<figure class="wp-block-image size-large"><img loading="lazy" decoding="async" class="size-medium wp-image-1322 aligncenter" src="https://www.apadahcas.org/wp-content/uploads/2023/12/Diseno-sin-titulo-300x300.jpg" alt="" width="300" height="300" srcset="https://www.apadahcas.org/wp-content/uploads/2023/12/Diseno-sin-titulo-300x300.jpg 300w, https://www.apadahcas.org/wp-content/uploads/2023/12/Diseno-sin-titulo-1024x1024.jpg 1024w, https://www.apadahcas.org/wp-content/uploads/2023/12/Diseno-sin-titulo-150x150.jpg 150w, https://www.apadahcas.org/wp-content/uploads/2023/12/Diseno-sin-titulo-768x768.jpg 768w, https://www.apadahcas.org/wp-content/uploads/2023/12/Diseno-sin-titulo.jpg 1080w" sizes="auto, (max-width: 300px) 100vw, 300px" /></figure>
<p>

</p>
<p style="text-align: right;"><br />Otros colaboradores:<br />&#8211; SILVIA VICENTE RODRÍGUEZ: Abogada especialista en FAMILIA y MENORES. Divorcios y custodias hijos.<br />&#8211; ROSA EDO SANZ: Abogada de familia. Especialista en divorcios y separaciones.<br />&#8211; GARCÍA: Ferretería y Suministros Menaje de cocina.<br />&#8211; PELUQUERIA JACARANDA<br />&#8211; RELOJES CASTELLÓN: Plata, Acero y Electrónica.<br />&#8211; DON JULIÁN: Reparación de calzado y duplicado de llaves.<br />&#8211; GESIS DIGITAL S.L.: Venta y reparación de informática.<br />&#8211; ROBOTIX CASTELLÓN: Centro educativo<br />&#8211; JESUS GARCÍA TENA: Neuropediatra.<br />&#8211; DANI PELUQUEROS: Peluquería de caballeros.<br />&#8211; CLÍNICA DENTAL INFANTIL ARNAU S.L.P.<br />&#8211; PLÁCIDO GÓMEZ: Librería papelería.<br />&#8211; LA BARBERÍA DE SAÚL.<br />&#8211; FARMACIA MARIA DOLORES MONZONIS<br />&#8211; IMPALA SPORT CLUB &amp; SPA: Club deportivo <br />&#8211; CENTRO DE ESTUDIOS AZAHAR</p>
<p style="text-align: right;">-ALBA MAGALLÓN: Psicóloga</p>
<p style="text-align: right;">&#8211; ATENCIÓN PSICOLÓGICA: Más info en asociacion@apadahcas.org<br /><br /><img loading="lazy" decoding="async" class="wp-image-1645 size-medium alignleft" src="https://www.apadahcas.org/wp-content/uploads/2025/07/COLABORDORES-APADAHCAS-2025-212x300.png" alt="" width="212" height="300" srcset="https://www.apadahcas.org/wp-content/uploads/2025/07/COLABORDORES-APADAHCAS-2025-212x300.png 212w, https://www.apadahcas.org/wp-content/uploads/2025/07/COLABORDORES-APADAHCAS-2025-724x1024.png 724w, https://www.apadahcas.org/wp-content/uploads/2025/07/COLABORDORES-APADAHCAS-2025-768x1086.png 768w, https://www.apadahcas.org/wp-content/uploads/2025/07/COLABORDORES-APADAHCAS-2025-1086x1536.png 1086w, https://www.apadahcas.org/wp-content/uploads/2025/07/COLABORDORES-APADAHCAS-2025-1448x2048.png 1448w, https://www.apadahcas.org/wp-content/uploads/2025/07/COLABORDORES-APADAHCAS-2025.png 1587w" sizes="auto, (max-width: 212px) 100vw, 212px" /></p>
<p>&nbsp;</p>
<p>&nbsp;</p>
<p>&nbsp;</p>
<p>&nbsp;</p>
<p>&nbsp;</p>
<p>&nbsp;</p>
<p>&nbsp;</p>
<p><a href="https://www.apadahcas.org/wp-content/uploads/2025/07/CARNET-DE-SOCIOS-APADAHCAS-COLABORADORES-2025.pdf">DESCUENTOS DE LOS COLABORADORES</a></p>
<p> <img loading="lazy" decoding="async" class="alignnone size-medium wp-image-1379" src="https://www.apadahcas.org/wp-content/uploads/2024/04/a-ctualizacion-300x300.png" alt="" width="300" height="300" srcset="https://www.apadahcas.org/wp-content/uploads/2024/04/a-ctualizacion-300x300.png 300w, https://www.apadahcas.org/wp-content/uploads/2024/04/a-ctualizacion-1024x1024.png 1024w, https://www.apadahcas.org/wp-content/uploads/2024/04/a-ctualizacion-150x150.png 150w, https://www.apadahcas.org/wp-content/uploads/2024/04/a-ctualizacion-768x768.png 768w, https://www.apadahcas.org/wp-content/uploads/2024/04/a-ctualizacion.png 1080w" sizes="auto, (max-width: 300px) 100vw, 300px" /></p>
<p></p>

<p>1. Información General2. Colaboradores &nbsp; 1. Información General Asociación APADAHCAS, Asociación de Padres y Madres de Afectados por Déficit de Atención e Hiperactividad de la provincia de Castellón. La asociación surge ante la inquietud de algunos padres y profesionales, que &hellip; <a href="https://www.apadahcas.org/index.php/la-asociacion-2/">Sigue leyendo <span class="meta-nav">&rarr;</span></a></p>
